(-4). Calculate the greatest common divisor of x and 95.
19
Suppose -30 = -5*q + 10. Let d be q*3/(-6) + 3. Let l be d/2 + 369/18. Calculate the highest common factor of 40 and l.
20
Let h = -117 + 116. Suppose 4*d - 4 = -0. Let w be (-17 - 2)*h + d. What is the greatest common factor of w and 160?
20
Let b(h) = -6*h**2 + 94*h + 36. Let u be b(16). Calculate the highest common divisor of 42 and u.
2
Let g(d) = 3*d**2 - 2*d - 6. Suppose c + t + 0*t = -1, 8 = -5*c - 2*t. Let s be g(c). What is the greatest common divisor of s and 4?
2
Let g be -5 + 20/2 - 7. Let o be g*(-1)/7 + (-626)/(-14). Calculate the highest common factor of 18 and o.
9
Let y be 4/(-10) + (-192)/(-5). Suppose -5*q + 3*q + 5*o = -684, 5*o + 1710 = 5*q. Suppose 0 = -13*i + 19*i - q. What is the greatest common factor of y and i?
19
Let p be 4 - 456/36*(-1 - 5). What is the highest common divisor of p and 5?
5
Let l(g) = 2*g**2 - 2*g - 7. Let w be l(4). Let h = 158 - 73. Calculate the greatest common factor of h and w.
17
Suppose 7*w - 4*w - 285 = 0. Let h = -54 + w. Let p = h + -26. What is the greatest common factor of p and 30?
15
Suppose -x + 2 = -5*n + 6, 9 = 3*n. Let f = 122 + -45. What is the highest common factor of x and f?
11
Suppose -3*b - 36 = -4*y - 8*b, 4*y - 2*b - 64 = 0. Suppose -1848 = 104*r - 137*r. What is the highest common divisor of y and r?
14
Let l(c) = -4*c + 25. Let h be l(-5). Calculate the highest common divisor of 5 and h.
5
Let c = -12 - -16. Suppose -5 = -c*d + 83. Let s be (-4936)/(-44) + (-4)/d. Calculate the highest common factor of s and 14.
14
Suppose 3*q = 6*q. Suppose q = -6*h + 557 + 199. Calculate the highest common divisor of 18 and h.
18
Suppose 13*x - 1148 = -238. Calculate the greatest common divisor of 260 and x.
10
Let s(b) = -16*b + 265. Let t be s(16). What is the greatest common divisor of 639 and t?
9
Let d(c) = c**2 - c - 5. Let l be d(0). Let v = 10 + l. Suppose 29 = 3*f + v. What is the greatest common factor of f and 2?
2
Suppose -15 = -3*s - l - 2*l, -4*s = 3*l - 18. Suppose -192 = -2*j + s*g, 0*j + 4*j - 384 = 2*g. Calculate the greatest common factor of j and 6.
6
Let a = 60 - -95. Suppose -20*p - a = -25*p. Calculate the highest common divisor of p and 93.
31
Let t = -46 - -46. Let v be 40 - t - 3 - -3. Suppose 42 = 3*m + 4*x, -2*m + 35 = -0*m + 5*x. Calculate the highest common factor of m and v.
10
Let o be (-21)/(-27) + -1 + (-1380)/(-135). Calculate the highest common factor of 80 and o.
10
Suppose -78 = -251*m + 250*m. What is the highest common factor of 6 and m?
6
Let t = -53 + 87. Suppose 3*w - 4*c - 330 = 0, -77*w + c = -76*w - 108. Calculate the greatest common factor of w and t.
34
Let q be -52*(1 - 12/8). Suppose -2*u = -14 - q. Let w(f) = 11*f**2 - 2*f + 1. Let r be w(1). Calculate the greatest common factor of u and r.
10
Let u be 0 + -2 - (-397 - 37). What is the highest common factor of u and 96?
48
Suppose 4 = x - 76. Suppose 4*w - 13*o - 528 = -11*o, 2*o = -3*w + 396. Let j = -122 + w. What is the greatest common divisor of x and j?
10
Let c = -61 - -65. Let j be (170/20)/(2/c). What is the greatest common divisor of 136 and j?
17
Let i = -45 - 5. Let p = i - -57. Calculate the highest common factor of p and 56.
7
Let x be (-26)/3*((-66)/(-4))/(-11). Suppose x = 28*u - 27*u. Calculate the highest common factor of u and 1.
1
Suppose 0 = -g - 5, -5*u + 4*g + g + 45 = 0. Suppose u - 7 = -x. Suppose 4*n - 10 = 5*r, 19 = 2*r + x*n - 0*n. Calculate the highest common divisor of r and 22.
2
Let t = 13 + 491. Calculate the greatest common divisor of 216 and t.
72
Suppose -2*q = -95 - 185. Suppose 0*x - q = -x. Suppose 5*d - 40 = x. What is the highest common divisor of 4 and d?
4
Let m(d) = -d**3 - 18*d**2 - 63*d + 37. Let j be m(-13). Calculate the highest common factor of 649 and j.
11
Let o = -870 - -1131. What is the highest common factor of 18 and o?
9
Let t = 315 - 157. Let n = t - -45. Calculate the highest common factor of n and 29.
29
Let l(z) = -z + 11. Let y be l(6). Suppose -y*t + t = -24. Let n be (14/4 - 2)*t. Calculate the highest common divisor of 18 and n.
9
Let f be (-14)/(-7) + 4 - 2. What is the highest common divisor of f and 16?
4
Let z be 1753/9 - (-20)/90. Suppose 0*u + z = 5*u + 3*f, -4*u + 2*f = -178. What is the greatest common divisor of 105 and u?
21
Suppose 72*h = 74*h - 220. What is the greatest common factor of 110 and h?
110
Let h(d) be the first derivative of -d**4/4 + 9*d - 1. Let w be h(0). Let u = 72 + w. What is the highest common divisor of 27 and u?
27
Let u be 770/(-242) - (-2)/11. Let f be 42 + 1/(2 + u). What is the highest common factor of f and 328?
41
Suppose -4*d - 4 + 12 = 0. Suppose 2*m - d*g = 3*g + 300, 4*m - 3*g = 628. What is the highest common divisor of m and 10?
10
Let k be (11 - 4)*(207/21 + -8). Calculate the highest common divisor of k and 24.
1
Suppose -23 = -6*m + 337. What is the highest common factor of m and 180?
60
Let d = 474 - 463. Calculate the greatest common factor of 473 and d.
11
Let i = 14 + -12. Suppose -6 - 10 = -i*r. Calculate the highest common factor of 88 and r.
8
Let t be ((-471)/(-9) - -5)*6. What is the greatest common divisor of t and 8?
8
Suppose 4*h - 3*c + 7*c - 104 = 0, -h = -5*c + 4. Let f = 351 + -204. What is the greatest common divisor of h and f?
21
Let s(y) = -y**2 - 17*y - 29 + 5*y**2 - 6*y**2 + y**2. Let c be s(-14). Suppose -4*z - 124 + 540 = 0. What is the highest common divisor of z and c?
13
Let s(d) = 18*d + 4. Let r = -39 + 40. Let n be s(r). Calculate the greatest common divisor of n and 2.
2
Let o = -3660 - -5458. What is the greatest common factor of 124 and o?
62
Let z(m) = 141*m - 627. Let g be z(7). Calculate the highest common factor of g and 792.
72
Let f be 0/((-1)/(1/(-2))). Suppose 4 = 5*q - 3*c - f, 20 = 5*q + 5*c. What is the greatest common divisor of q and 2?
2
Let x(o) = 3*o - 13. Let m be x(3). Let n be (m/(-6))/(2/129). What is the highest common factor of n and 301?
43
Let o(t) = 4*t**2 - 21*t - 55. Let a be o(8). What is the greatest common divisor of 264 and a?
33
Let y be (-130)/(-30) - 4/(-6). Suppose -y*a + 330 = -2*a. Suppose 0 = -t - t + a. What is the highest common divisor of t and 22?
11
Let l be (-3)/(-1) + (-216)/(-4). Suppose 0 = -8*q + 7*q + 2. Suppose -71 = -2*z - 3*u - 2*u, -2*u + 74 = q*z. What is the highest common factor of z and l?
19
Let y be ((-59940)/(-333))/(1/((-2)/(-2))). Calculate the highest common factor of y and 480.
60
Let v(h) = 2*h**2 + 5*h - 7. Let g be v(-3). Let a(l) = -4*l - 2. Let m be a(g). What is the highest common factor of m and 35?
7
Let z(q) = -8*q - 9. Let n be z(-7). Let p = n + 44. Let f be (-2 + 0)/2 - -14. Calculate the greatest common factor of f and p.
13
Suppose -5*l = 4 - 19. Let x be 57*(0 - (-4)/l). Suppose 15*h - 19*h = -4*i + 68, -4*h = -8. Calculate the greatest common factor of x and i.
19
Suppose 5*i = -2*d + 125, 5*i = -6 - 9. What is the greatest common factor of d and 35?
35
Let j = 62 + -63. Let s be -4 + 2 - -4 - 3*j. Calculate the greatest common divisor of 45 and s.
5
Let g be (-7 + 8)/(2/4). Suppose g*j + 4*h - 11 = j, 3*j + 4*h - 33 = 0. Calculate the greatest common factor of j and 22.
11
Let q be -5 + 4 - (-4)/(8/170). Calculate the highest common factor of q and 36.
12
Let o be 12/((-4)/1*8/(-80)). Calculate the highest common divisor of o and 35.
5
Let p be 23/(0 + 3 + -2). Let c = -8 + p. Let v be (-15)/6*(5 + -11). What is the greatest common divisor of c and v?
15
Let t(n) = -n + 1. Let o be t(-1). Suppose -4*y - 50 - 2 = -2*a, 0 = o*a - 3*y - 49. What is the greatest common factor of 50 and a?
10
Let t = 212 + -134. Let i(j) = j**3 - 7*j**2 + 2*j - 2. Let r be i(7). What is the highest common divisor of r and t?
6
Suppose 2*s - 4 = 2*y, -3*y = y + 4*s - 32. Suppose -7 = -y*p - i, -2*p - i = -p - 1. What is the highest common factor of p and 21?
3
Suppose -4*b + 5 = -3. Suppose -5*g - b*p + 128 = 0, -17 = -3*p - 5. Calculate the greatest common divisor of g and 120.
24
Let v be (-1 - -15)*(-154)/(-539). What is the greatest common divisor of v and 6?
2
Suppose 264*g = 265*g - 5*i - 1451, -g - 3*i + 1419 = 0. What is the greatest common factor of g and 53?
53
Let a be 18/1 + (-4 - (-2 - 1)). Let v = 29 - a. Calcu